{"id":12121,"date":"2019-02-20T22:27:14","date_gmt":"2019-02-20T22:27:14","guid":{"rendered":"http:\/\/new.synchrotron.org.pl\/www_wordpress\/?page_id=12121"},"modified":"2020-03-25T22:27:25","modified_gmt":"2020-03-25T22:27:25","slug":"pierwsze-wyniki-z-solarisa-opublikowane-w-scientific-reports","status":"publish","type":"page","link":"https:\/\/synchrotron.org.pl\/?page_id=12121","title":{"rendered":"Pierwsze wyniki z SOLARISa opublikowane w Scientific Reports"},"content":{"rendered":"<p>Pierwszy naukowy artyku\u0142 przedstawiaj\u0105cy\u00a0wyniki pomiar\u00f3w przeprowadzonych na SOLARIS zosta\u0142\u00a0 opublikowany w &#8220;Scientific Reports&#8221; &#8211; presti\u017cowym czasopi\u015bmie wydawanym przez Nature Research.<\/p>\n<p>Indukowana oddzia\u0142ywaniami wymiennymi anizotropia jednokierunkowa \u201eexchange bias\u201d (EB) to zjawisko znane ju\u017c od ponad 60 lat. Najcz\u0119\u015bciej obserwowane jest ono w dwuwarstwach AFM\/FM, a objawia si\u0119 g\u0142\u00f3wnie przez przesuni\u0119cie p\u0119tli histerezy wzgl\u0119dem pocz\u0105tku uk\u0142adu wsp\u00f3\u0142rz\u0119dnych. Naukowcy z AGH i SOLARIS wskazali jak jednoosiowa anizotropia magnetyczna warstwy Fe mo\u017ce zosta\u0107 wykorzystana do sterowania anizotropi\u0105 magnetyczn\u0105 s\u0105siaduj\u0105cej warstwy antyferromagnetycznego tlenku CoO. Co wi\u0119cej, uzyskane wyniki pozwalaj\u0105 na uog\u00f3lnienie i wyja\u015bnienie obecno\u015b\u0107 spontanicznego zjawiska \u201eexchange bias\u201d w wielu uk\u0142adach FM\/AFM.<\/p>\n<p>Wi\u0119cej w artykule:\u00a0<a href=\"https:\/\/www.nature.com\/articles\/s41598-018-37110-8\">How a ferromagnet drives an antiferromagnet in exchange biased CoO\/Fe(110) bilayers<\/a>,\u00a0<em>Scientific Reports<\/em>, volume 9, Article number: 889 (2019).<\/p>\n<p><img decoding=\"async\" loading=\"lazy\" class=\"size-full wp-image-12122 aligncenter\" src=\"https:\/\/synchrotron.org.pl\/wp-content\/uploads\/2020\/03\/pobrane-2.png\" alt=\"\" width=\"599\" height=\"173\" srcset=\"https:\/\/synchrotron.org.pl\/wp-content\/uploads\/2020\/03\/pobrane-2.png 599w, https:\/\/synchrotron.org.pl\/wp-content\/uploads\/2020\/03\/pobrane-2-300x87.png 300w\" sizes=\"(max-width: 599px) 100vw, 599px\" \/><\/p>\n","protected":false},"excerpt":{"rendered":"<p>Pierwszy naukowy artyku\u0142 przedstawiaj\u0105cy\u00a0wyniki pomiar\u00f3w przeprowadzonych na SOLARIS zosta\u0142\u00a0 opublikowany w &#8220;Scientific Reports&#8221; &#8211; presti\u017cowym czasopi\u015bmie wydawanym przez Nature Research. Indukowana oddzia\u0142ywaniami wymiennymi anizotropia jednokierunkowa \u201eexchange bias\u201d (EB) to zjawisko znane ju\u017c od ponad 60 lat. Najcz\u0119\u015bciej obserwowane jest ono w dwuwarstwach AFM\/FM, a objawia si\u0119 g\u0142\u00f3wnie przez przesuni\u0119cie p\u0119tli&hellip;<\/p>\n<p> <a class=\"more-link\" href=\"https:\/\/synchrotron.org.pl\/?page_id=12121\">Czytaj dalej<\/a><\/p>\n","protected":false},"author":1,"featured_media":0,"parent":0,"menu_order":0,"comment_status":"closed","ping_status":"closed","template":"","meta":{"footnotes":""},"_links":{"self":[{"href":"https:\/\/synchrotron.org.pl\/index.php?rest_route=\/wp\/v2\/pages\/12121"}],"collection":[{"href":"https:\/\/synchrotron.org.pl\/index.php?rest_route=\/wp\/v2\/pages"}],"about":[{"href":"https:\/\/synchrotron.org.pl\/index.php?rest_route=\/wp\/v2\/types\/page"}],"author":[{"embeddable":true,"href":"https:\/\/synchrotron.org.pl\/index.php?rest_route=\/wp\/v2\/users\/1"}],"replies":[{"embeddable":true,"href":"https:\/\/synchrotron.org.pl\/index.php?rest_route=%2Fwp%2Fv2%2Fcomments&post=12121"}],"version-history":[{"count":2,"href":"https:\/\/synchrotron.org.pl\/index.php?rest_route=\/wp\/v2\/pages\/12121\/revisions"}],"predecessor-version":[{"id":12124,"href":"https:\/\/synchrotron.org.pl\/index.php?rest_route=\/wp\/v2\/pages\/12121\/revisions\/12124"}],"wp:attachment":[{"href":"https:\/\/synchrotron.org.pl\/index.php?rest_route=%2Fwp%2Fv2%2Fmedia&parent=12121"}],"curies":[{"name":"wp","href":"https:\/\/api.w.org\/{rel}","templated":true}]}}