{"id":12136,"date":"2016-12-20T22:33:52","date_gmt":"2016-12-20T22:33:52","guid":{"rendered":"http:\/\/new.synchrotron.org.pl\/www_wordpress\/?page_id=12136"},"modified":"2020-03-25T22:34:26","modified_gmt":"2020-03-25T22:34:26","slug":"podpisanie-umowy-pomiedzy-if-pan-i-esrf","status":"publish","type":"page","link":"https:\/\/synchrotron.org.pl\/?page_id=12136","title":{"rendered":"Podpisanie umowy pomi\u0119dzy IF PAN i ESRF"},"content":{"rendered":"<h3>W dniu 20 grudnia 2016 r. w Sali 203 IF PAN odby\u0142o si\u0119 uroczyste podpisanie umowy pomi\u0119dzy IF PAN i Europejskim Centrum Synchrotronowym w Grenoble, Francja<\/h3>\n<p style=\"font-weight: 400;\">\u00a0 <img decoding=\"async\" loading=\"lazy\" class=\"size-full wp-image-12139 aligncenter\" src=\"https:\/\/synchrotron.org.pl\/wp-content\/uploads\/2020\/03\/4.jpg\" alt=\"\" width=\"552\" height=\"414\" srcset=\"https:\/\/synchrotron.org.pl\/wp-content\/uploads\/2020\/03\/4.jpg 552w, https:\/\/synchrotron.org.pl\/wp-content\/uploads\/2020\/03\/4-300x225.jpg 300w\" sizes=\"(max-width: 552px) 100vw, 552px\" \/><\/p>\n<p style=\"font-weight: 400;\"><img decoding=\"async\" loading=\"lazy\" class=\"size-full wp-image-12140 aligncenter\" src=\"https:\/\/synchrotron.org.pl\/wp-content\/uploads\/2020\/03\/3.jpg\" alt=\"\" width=\"549\" height=\"412\" srcset=\"https:\/\/synchrotron.org.pl\/wp-content\/uploads\/2020\/03\/3.jpg 549w, https:\/\/synchrotron.org.pl\/wp-content\/uploads\/2020\/03\/3-300x225.jpg 300w\" sizes=\"(max-width: 549px) 100vw, 549px\" \/><\/p>\n<p style=\"font-weight: 400;\"><img decoding=\"async\" loading=\"lazy\" class=\"size-full wp-image-12141 aligncenter\" src=\"https:\/\/synchrotron.org.pl\/wp-content\/uploads\/2020\/03\/2.jpg\" alt=\"\" width=\"551\" height=\"414\" srcset=\"https:\/\/synchrotron.org.pl\/wp-content\/uploads\/2020\/03\/2.jpg 551w, https:\/\/synchrotron.org.pl\/wp-content\/uploads\/2020\/03\/2-300x225.jpg 300w\" sizes=\"(max-width: 551px) 100vw, 551px\" \/><\/p>\n<p style=\"font-weight: 400;\"><img decoding=\"async\" loading=\"lazy\" class=\"size-full wp-image-12142 aligncenter\" src=\"https:\/\/synchrotron.org.pl\/wp-content\/uploads\/2020\/03\/1.jpg\" alt=\"\" width=\"549\" height=\"412\" srcset=\"https:\/\/synchrotron.org.pl\/wp-content\/uploads\/2020\/03\/1.jpg 549w, https:\/\/synchrotron.org.pl\/wp-content\/uploads\/2020\/03\/1-300x225.jpg 300w\" sizes=\"(max-width: 549px) 100vw, 549px\" \/><\/p>\n<p style=\"font-weight: 400;\">W spotkaniu udzia\u0142 wzi\u0119li Dyrektor IF PAN prof. Roman Pu\u017aniak, Naczelny Dyrektor ESRF dr Francesco Sette, Sekretarz Zarz\u0105du ESRF Itziar Echeverria, Dyrektor ds. Naukowych Tomasz Sowi\u0144ski prof. IF PAN oraz 15 z po\u015br\u00f3d 20 cz\u0142onkowie Rady Konsorcjum jednostek naukowych zainteresowanych korzystaniem z Europejskiego Centrum Promieniowania Synchrotronowego (ESRF) w Grenoble.\u00a0 Podpisanie umowy by\u0142o mo\u017cliwe po decyzji MNiSW z dnia 6 grudnia 2016\u00a0 o przyznanie \u015brodk\u00f3w na finansowanie polskiego wk\u0142adu do ESRF wysoko\u015bci 1% bud\u017cetu ESRF. Polska jest cz\u0142onkiem stowarzyszonym ESRF co daje prawo naukowcom z afiliacj\u0105 polskich instytucji naukowych do sk\u0142adania propozycji bada\u0144 naukowych ESRF. Zgodnie z statutem ESRF naukowcy polscy wykorzystuj\u0105 1 % dost\u0119pnego czasu pomiarowego. Polscy naukowcy s\u0105 autorami 568 publikacji z bada\u0144 z wykorzystaniem ESRF co stanowi 2% publikacji tam powsta\u0142ych. IF PAN od roku 2006 jest koordynatorem tego Konsorcjum. Informacje o projekcie realizowanym w IF PAN w latach 2006-2011 zwi\u0105zanym z udzia\u0142em Polski w ESRF mo\u017cna znale\u017a\u0107 na stronie IF PAN<\/p>\n<p style=\"font-weight: 400;\">(<a href=\"http:\/\/www.ifpan.edu.pl\/esrf\/Local_Publish\/\">http:\/\/www.ifpan.edu.pl\/esrf\/Local_Publish\/<\/a>).<\/p>\n<p style=\"font-weight: 400;\">Informacje te wkr\u00f3tce zostan\u0105 uzupe\u0142nione o dane statystyczne za lata 2011-2016 kiedy wk\u0142ad nie by\u0142 wnoszony ze wzgl\u0119du na brak mo\u017cliwo\u015bci prawnych zezwalaj\u0105cych na takie zadanie. W maju 2015 roku nowelizacja ustawy o finansowaniu nauki umo\u017cliwi\u0142a takie dzia\u0142anie. Zach\u0119camy wszystkich zainteresowanych do wyst\u0119powania z wnioskami o przydzia\u0142 czasu badawczego. Konkurs trwa do ko\u0144ca lutego 2017.<\/p>\n","protected":false},"excerpt":{"rendered":"<p>W dniu 20 grudnia 2016 r. w Sali 203 IF PAN odby\u0142o si\u0119 uroczyste podpisanie umowy pomi\u0119dzy IF PAN i Europejskim Centrum Synchrotronowym w Grenoble, Francja \u00a0 W spotkaniu udzia\u0142 wzi\u0119li Dyrektor IF PAN prof. Roman Pu\u017aniak, Naczelny Dyrektor ESRF dr Francesco Sette, Sekretarz Zarz\u0105du ESRF Itziar Echeverria, Dyrektor ds.&hellip;<\/p>\n<p> <a class=\"more-link\" href=\"https:\/\/synchrotron.org.pl\/?page_id=12136\">Czytaj dalej<\/a><\/p>\n","protected":false},"author":1,"featured_media":0,"parent":0,"menu_order":0,"comment_status":"closed","ping_status":"closed","template":"","meta":{"footnotes":""},"_links":{"self":[{"href":"https:\/\/synchrotron.org.pl\/index.php?rest_route=\/wp\/v2\/pages\/12136"}],"collection":[{"href":"https:\/\/synchrotron.org.pl\/index.php?rest_route=\/wp\/v2\/pages"}],"about":[{"href":"https:\/\/synchrotron.org.pl\/index.php?rest_route=\/wp\/v2\/types\/page"}],"author":[{"embeddable":true,"href":"https:\/\/synchrotron.org.pl\/index.php?rest_route=\/wp\/v2\/users\/1"}],"replies":[{"embeddable":true,"href":"https:\/\/synchrotron.org.pl\/index.php?rest_route=%2Fwp%2Fv2%2Fcomments&post=12136"}],"version-history":[{"count":2,"href":"https:\/\/synchrotron.org.pl\/index.php?rest_route=\/wp\/v2\/pages\/12136\/revisions"}],"predecessor-version":[{"id":12145,"href":"https:\/\/synchrotron.org.pl\/index.php?rest_route=\/wp\/v2\/pages\/12136\/revisions\/12145"}],"wp:attachment":[{"href":"https:\/\/synchrotron.org.pl\/index.php?rest_route=%2Fwp%2Fv2%2Fmedia&parent=12136"}],"curies":[{"name":"wp","href":"https:\/\/api.w.org\/{rel}","templated":true}]}}

Podpisanie umowy pomiędzy IF PAN i ESRF

<h3>W dniu 20 grudnia 2016 r. w Sali 203 IF PAN odbyło się uroczyste podpisanie umowy pomiędzy IF PAN i Europejskim Centrum Synchrotronowym w Grenoble, Francja</h3>
<p style="font-weight: 400;">  <img decoding="async" loading="lazy" class="size-full wp-image-12139 aligncenter" src="https://synchrotron.org.pl/wp-content/uploads/2020/03/4.jpg" alt="" width="552" height="414" srcset="https://synchrotron.org.pl/wp-content/uploads/2020/03/4.jpg 552w, https://synchrotron.org.pl/wp-content/uploads/2020/03/4-300x225.jpg 300w" sizes="(max-width: 552px) 100vw, 552px" /></p>
<p style="font-weight: 400;"><img decoding="async" loading="lazy" class="size-full wp-image-12140 aligncenter" src="https://synchrotron.org.pl/wp-content/uploads/2020/03/3.jpg" alt="" width="549" height="412" srcset="https://synchrotron.org.pl/wp-content/uploads/2020/03/3.jpg 549w, https://synchrotron.org.pl/wp-content/uploads/2020/03/3-300x225.jpg 300w" sizes="(max-width: 549px) 100vw, 549px" /></p>
<p style="font-weight: 400;"><img decoding="async" loading="lazy" class="size-full wp-image-12141 aligncenter" src="https://synchrotron.org.pl/wp-content/uploads/2020/03/2.jpg" alt="" width="551" height="414" srcset="https://synchrotron.org.pl/wp-content/uploads/2020/03/2.jpg 551w, https://synchrotron.org.pl/wp-content/uploads/2020/03/2-300x225.jpg 300w" sizes="(max-width: 551px) 100vw, 551px" /></p>
<p style="font-weight: 400;"><img decoding="async" loading="lazy" class="size-full wp-image-12142 aligncenter" src="https://synchrotron.org.pl/wp-content/uploads/2020/03/1.jpg" alt="" width="549" height="412" srcset="https://synchrotron.org.pl/wp-content/uploads/2020/03/1.jpg 549w, https://synchrotron.org.pl/wp-content/uploads/2020/03/1-300x225.jpg 300w" sizes="(max-width: 549px) 100vw, 549px" /></p>
<p style="font-weight: 400;">W spotkaniu udział wzięli Dyrektor IF PAN prof. Roman Puźniak, Naczelny Dyrektor ESRF dr Francesco Sette, Sekretarz Zarządu ESRF Itziar Echeverria, Dyrektor ds. Naukowych Tomasz Sowiński prof. IF PAN oraz 15 z pośród 20 członkowie Rady Konsorcjum jednostek naukowych zainteresowanych korzystaniem z Europejskiego Centrum Promieniowania Synchrotronowego (ESRF) w Grenoble.  Podpisanie umowy było możliwe po decyzji MNiSW z dnia 6 grudnia 2016  o przyznanie środków na finansowanie polskiego wkładu do ESRF wysokości 1% budżetu ESRF. Polska jest członkiem stowarzyszonym ESRF co daje prawo naukowcom z afiliacją polskich instytucji naukowych do składania propozycji badań naukowych ESRF. Zgodnie z statutem ESRF naukowcy polscy wykorzystują 1 % dostępnego czasu pomiarowego. Polscy naukowcy są autorami 568 publikacji z badań z wykorzystaniem ESRF co stanowi 2% publikacji tam powstałych. IF PAN od roku 2006 jest koordynatorem tego Konsorcjum. Informacje o projekcie realizowanym w IF PAN w latach 2006-2011 związanym z udziałem Polski w ESRF można znaleźć na stronie IF PAN</p>
<p style="font-weight: 400;">(<a href="http://www.ifpan.edu.pl/esrf/Local_Publish/">http://www.ifpan.edu.pl/esrf/Local_Publish/</a>).</p>
<p style="font-weight: 400;">Informacje te wkrótce zostaną uzupełnione o dane statystyczne za lata 2011-2016 kiedy wkład nie był wnoszony ze względu na brak możliwości prawnych zezwalających na takie zadanie. W maju 2015 roku nowelizacja ustawy o finansowaniu nauki umożliwiła takie działanie. Zachęcamy wszystkich zainteresowanych do występowania z wnioskami o przydział czasu badawczego. Konkurs trwa do końca lutego 2017.</p>

<p>W dniu 20 grudnia 2016 r. w Sali 203 IF PAN odbyło się uroczyste podpisanie umowy pomiędzy IF PAN i Europejskim Centrum Synchrotronowym w Grenoble, Francja   W spotkaniu udział wzięli Dyrektor IF PAN prof. Roman Puźniak, Naczelny Dyrektor ESRF dr Francesco Sette, Sekretarz Zarządu ESRF Itziar Echeverria, Dyrektor ds.&hellip;</p>
<p> <a class="more-link" href="https://synchrotron.org.pl/?page_id=12136">Czytaj dalej</a></p>
