{"id":12171,"date":"2020-03-26T05:58:16","date_gmt":"2020-03-26T05:58:16","guid":{"rendered":"http:\/\/new.synchrotron.org.pl\/www_wordpress\/?page_id=12171"},"modified":"2020-03-26T06:01:11","modified_gmt":"2020-03-26T06:01:11","slug":"pierwsze-wyniki-obrazowania-w-mikroskopie-peem-w-synchrotronie-solaris","status":"publish","type":"page","link":"https:\/\/synchrotron.org.pl\/?page_id=12171","title":{"rendered":"Pierwsze wyniki obrazowania w mikroskopie PEEM w synchrotronie Solaris"},"content":{"rendered":"<p>W zesz\u0142ym tygodniu sukcesem zako\u0144czono proces instalacji mikroskopu fotoelektrycznego PEEM na linii eksperymentalnej PEEM\/XAS. Pierwszy raz w polskim synchrotronie u\u017cyto promieniowania synchrotronowego do uzyskania obrazowania z chemiczn\u0105 i magnetyczn\u0105 zdolno\u015bci\u0105 rozdzielcz\u0105. W wyniku intensywnych pomiar\u00f3w spektroskopowych XAS przetestowano kilka pr\u00f3bek eksperymentalnych. Najbardziej spektakularn\u0105 by\u0142a strukturyzowana pr\u00f3bka permaloju na pod\u0142o\u017cu krzemowym z przek\u0142adk\u0105 Co pokryt\u0105 ochronn\u0105 warstw\u0105 aluminium (1nm Al \/ 2nm NiFe \/ 20nm Co \/ Si). Na powierzchni pr\u00f3bki znajdowa\u0142y si\u0119 r\u00f3\u017cne nano- i mikrostruktury otrzymane metod\u0105 litograficzn\u0105, kt\u00f3re wykazywa\u0142y bogat\u0105 magnetyczn\u0105 struktur\u0119 domenow\u0105.<\/p>\n<p><img decoding=\"async\" loading=\"lazy\" class=\"size-full wp-image-12175 aligncenter\" src=\"https:\/\/synchrotron.org.pl\/wp-content\/uploads\/2020\/03\/pobrane-4.png\" alt=\"\" width=\"302\" height=\"302\" srcset=\"https:\/\/synchrotron.org.pl\/wp-content\/uploads\/2020\/03\/pobrane-4.png 302w, https:\/\/synchrotron.org.pl\/wp-content\/uploads\/2020\/03\/pobrane-4-300x300.png 300w, https:\/\/synchrotron.org.pl\/wp-content\/uploads\/2020\/03\/pobrane-4-100x100.png 100w, https:\/\/synchrotron.org.pl\/wp-content\/uploads\/2020\/03\/pobrane-4-150x150.png 150w\" sizes=\"(max-width: 302px) 100vw, 302px\" \/><img decoding=\"async\" loading=\"lazy\" class=\"size-full wp-image-12174 aligncenter\" src=\"https:\/\/synchrotron.org.pl\/wp-content\/uploads\/2020\/03\/solaris1.png\" alt=\"\" width=\"302\" height=\"302\" srcset=\"https:\/\/synchrotron.org.pl\/wp-content\/uploads\/2020\/03\/solaris1.png 302w, https:\/\/synchrotron.org.pl\/wp-content\/uploads\/2020\/03\/solaris1-300x300.png 300w, https:\/\/synchrotron.org.pl\/wp-content\/uploads\/2020\/03\/solaris1-100x100.png 100w, https:\/\/synchrotron.org.pl\/wp-content\/uploads\/2020\/03\/solaris1-150x150.png 150w\" sizes=\"(max-width: 302px) 100vw, 302px\" \/><\/p>\n<p>S jak Solaris. Powy\u017csze obrazy magnetyczne by\u0142y zbierane na linii L<sub>3<\/sub>\u00a0\u017celaza dla energii promieniowania 706.8eV.Po lewej obraz XAS zbierany z polaryzacj\u0105 liniow\u0105. Po prawej obraz r\u00f3\u017cnicowy XMCD domen magnetycznych. Pole widzenia to 75\u03bcm.<\/p>\n<p><img decoding=\"async\" loading=\"lazy\" class=\"alignnone size-full wp-image-12176 aligncenter\" src=\"https:\/\/synchrotron.org.pl\/wp-content\/uploads\/2020\/03\/pobrane-5.png\" alt=\"\" width=\"302\" height=\"302\" srcset=\"https:\/\/synchrotron.org.pl\/wp-content\/uploads\/2020\/03\/pobrane-5.png 302w, https:\/\/synchrotron.org.pl\/wp-content\/uploads\/2020\/03\/pobrane-5-300x300.png 300w, https:\/\/synchrotron.org.pl\/wp-content\/uploads\/2020\/03\/pobrane-5-100x100.png 100w, https:\/\/synchrotron.org.pl\/wp-content\/uploads\/2020\/03\/pobrane-5-150x150.png 150w\" sizes=\"(max-width: 302px) 100vw, 302px\" \/> <img decoding=\"async\" loading=\"lazy\" class=\"alignnone size-full wp-image-12177 aligncenter\" src=\"https:\/\/synchrotron.org.pl\/wp-content\/uploads\/2020\/03\/pobrane-6.png\" alt=\"\" width=\"302\" height=\"302\" srcset=\"https:\/\/synchrotron.org.pl\/wp-content\/uploads\/2020\/03\/pobrane-6.png 302w, https:\/\/synchrotron.org.pl\/wp-content\/uploads\/2020\/03\/pobrane-6-300x300.png 300w, https:\/\/synchrotron.org.pl\/wp-content\/uploads\/2020\/03\/pobrane-6-100x100.png 100w, https:\/\/synchrotron.org.pl\/wp-content\/uploads\/2020\/03\/pobrane-6-150x150.png 150w\" sizes=\"(max-width: 302px) 100vw, 302px\" \/><\/p>\n","protected":false},"excerpt":{"rendered":"<p>W zesz\u0142ym tygodniu sukcesem zako\u0144czono proces instalacji mikroskopu fotoelektrycznego PEEM na linii eksperymentalnej PEEM\/XAS. Pierwszy raz w polskim synchrotronie u\u017cyto promieniowania synchrotronowego do uzyskania obrazowania z chemiczn\u0105 i magnetyczn\u0105 zdolno\u015bci\u0105 rozdzielcz\u0105. W wyniku intensywnych pomiar\u00f3w spektroskopowych XAS przetestowano kilka pr\u00f3bek eksperymentalnych. Najbardziej spektakularn\u0105 by\u0142a strukturyzowana pr\u00f3bka permaloju na pod\u0142o\u017cu krzemowym&hellip;<\/p>\n<p> <a class=\"more-link\" href=\"https:\/\/synchrotron.org.pl\/?page_id=12171\">Czytaj dalej<\/a><\/p>\n","protected":false},"author":1,"featured_media":0,"parent":0,"menu_order":0,"comment_status":"closed","ping_status":"closed","template":"","meta":{"footnotes":""},"_links":{"self":[{"href":"https:\/\/synchrotron.org.pl\/index.php?rest_route=\/wp\/v2\/pages\/12171"}],"collection":[{"href":"https:\/\/synchrotron.org.pl\/index.php?rest_route=\/wp\/v2\/pages"}],"about":[{"href":"https:\/\/synchrotron.org.pl\/index.php?rest_route=\/wp\/v2\/types\/page"}],"author":[{"embeddable":true,"href":"https:\/\/synchrotron.org.pl\/index.php?rest_route=\/wp\/v2\/users\/1"}],"replies":[{"embeddable":true,"href":"https:\/\/synchrotron.org.pl\/index.php?rest_route=%2Fwp%2Fv2%2Fcomments&post=12171"}],"version-history":[{"count":3,"href":"https:\/\/synchrotron.org.pl\/index.php?rest_route=\/wp\/v2\/pages\/12171\/revisions"}],"predecessor-version":[{"id":12178,"href":"https:\/\/synchrotron.org.pl\/index.php?rest_route=\/wp\/v2\/pages\/12171\/revisions\/12178"}],"wp:attachment":[{"href":"https:\/\/synchrotron.org.pl\/index.php?rest_route=%2Fwp%2Fv2%2Fmedia&parent=12171"}],"curies":[{"name":"wp","href":"https:\/\/api.w.org\/{rel}","templated":true}]}}