{"id":15636,"date":"2020-09-10T22:25:24","date_gmt":"2020-09-10T20:25:24","guid":{"rendered":"http:\/\/synchrotron.org.pl\/?page_id=15636"},"modified":"2020-09-10T22:25:24","modified_gmt":"2020-09-10T20:25:24","slug":"sklad-zarzadu-2014-2017","status":"publish","type":"page","link":"https:\/\/synchrotron.org.pl\/?page_id=15636","title":{"rendered":"Sk\u0142ad Zarz\u0105du 2014-2017"},"content":{"rendered":"<p><strong>Prezes PTPS<\/strong><\/p>\n<p><strong><a href=\"http:\/\/www.synchrotron.org.pl\/publ\/doc\/MK.pdf\">Maciej Kozak\u00a0<\/a><br \/>\n<\/strong><\/p>\n<p>e-mail: \u00a0 prezes(at)synchrotron.org.pl<\/p>\n<p>&nbsp;<\/p>\n<p><strong>Zarz\u0105d PTPS<\/strong><\/p>\n<table border=\"0\">\n<tbody>\n<tr>\n<td><strong><a href=\"http:\/\/www.synchrotron.org.pl\/publ\/doc\/JS.pdf\">Jacek Szade\u00a0<\/a><\/strong><\/td>\n<td><span id=\"result_box\" class=\"short_text\" lang=\"en\"><span class=\"hps\">Wiceprezes<\/span><\/span><\/td>\n<td><span id=\"result_box\" class=\"short_text\" lang=\"en\"><span class=\"hps\">Jacek.Szade(at)us.edu.pl<\/span><\/span><\/td>\n<\/tr>\n<tr>\n<td><strong><a href=\"http:\/\/www.synchrotron.org.pl\/publ\/doc\/RP.pdf\">Rados\u0142aw Przenios\u0142o<\/a><\/strong><\/td>\n<td><span id=\"result_box\" class=\"short_text\" lang=\"en\"><span class=\"hps\">Wiceprezes<\/span><\/span><\/td>\n<td><span id=\"result_box\" class=\"short_text\" lang=\"en\"><span class=\"hps\">Radek(at)fuw.edu.pl<\/span><\/span><\/td>\n<\/tr>\n<tr>\n<td><strong><a href=\"http:\/\/www.synchrotron.org.pl\/publ\/doc\/AW_pl.pdf\">Agnieszka Witkowska<\/a><\/strong><\/td>\n<td>Sekretarz<\/td>\n<td>\u00a0sekretarz(at)synchrotron.org.pl<\/td>\n<\/tr>\n<tr>\n<td><strong><a href=\"http:\/\/www.synchrotron.org.pl\/publ\/doc\/WK.pdf\">Wojciech Kwiatek<\/a><\/strong><\/td>\n<td>Skarbnik<\/td>\n<td>\u00a0skarbnik(at)synchrotron.org.pl<\/td>\n<\/tr>\n<tr>\n<td><strong><a href=\"http:\/\/www.synchrotron.org.pl\/publ\/doc\/PP.pdf\">Pawe\u0142 Piszora<br \/>\n<\/a><\/strong><\/td>\n<td>Wydawca<\/td>\n<td>biuletyn(at)synchrotron.org.pl<\/td>\n<\/tr>\n<tr>\n<td>Cz\u0142onkowie Zarz\u0105du:<\/td>\n<td><\/td>\n<td><\/td>\n<\/tr>\n<tr>\n<td><strong><a href=\"http:\/\/www.synchrotron.org.pl\/publ\/doc\/KJ.pdf\">Krystyna Jab\u0142o\u0144ska<\/a><\/strong><\/td>\n<td><\/td>\n<td>\u00a0jablo(at)ifpan.edu.pl<\/td>\n<\/tr>\n<tr>\n<td><strong><a href=\"http:\/\/www.synchrotron.org.pl\/publ\/doc\/ZK2_en.pdf\">Zbigniew Kaszkur<\/a><br \/>\n<\/strong><\/td>\n<td><\/td>\n<td>zbig(at)ichf.edu.pl<\/td>\n<\/tr>\n<tr>\n<td><strong>Bogdan Kowalski<\/strong><\/td>\n<td><\/td>\n<td>\u00a0kowab(at)ifpan.edu.pl<\/td>\n<\/tr>\n<tr>\n<td><strong><a href=\"http:\/\/www.synchrotron.org.pl\/publ\/doc\/WP.pdf\">Wojciech Paszkowicz<\/a><\/strong><\/td>\n<td><\/td>\n<td>\u00a0paszk(at)ifpan.edu.pl<\/td>\n<\/tr>\n<tr>\n<td><strong>Marek Stankiewicz<\/strong><\/td>\n<td><\/td>\n<td>\u00a0M.J.Stankiewicz(at)uj.edu.pl<\/td>\n<\/tr>\n<\/tbody>\n<\/table>\n<p><strong>Komisja Rewizyjna<br \/>\n<\/strong><\/p>\n<table border=\"0\">\n<tbody>\n<tr>\n<td><strong><a href=\"http:\/\/www.synchrotron.org.pl\/publ\/doc\/WW.pdf\">Wojciech Wierzchowski<\/a><\/strong><\/td>\n<td>Przewodnicz\u0105cy Komisji Rewizyjnej<\/td>\n<td>Wojciech.Wierzchowski(at)itme.edu.pl<\/td>\n<\/tr>\n<tr>\n<td><strong><a href=\"http:\/\/www.synchrotron.org.pl\/publ\/doc\/DZ.pdf\">Danuta \u017bymierska<\/a><\/strong><\/td>\n<td>Sekretarz Komisji Rewizyjnej<\/td>\n<td>\u00a0zymier(at)ifpan.edu.pl<\/td>\n<\/tr>\n<tr>\n<td>Cz\u0142onkowie Komisji Rewzyjnej:<\/td>\n<td><\/td>\n<td><\/td>\n<\/tr>\n<tr>\n<td><strong>Maria Lefeld-Sosnowska<\/strong><\/td>\n<td><\/td>\n<td>Maria.Lefeld-Sosnowska(atfuw.edu.pl<\/td>\n<\/tr>\n<tr>\n<td><strong>Wojciech Szuszkiewicz<\/strong><\/td>\n<td><\/td>\n<td>szusz(at)ifpan.edu.pl<\/td>\n<\/tr>\n<\/tbody>\n<\/table>\n","protected":false},"excerpt":{"rendered":"<p>Prezes PTPS Maciej Kozak\u00a0 e-mail: \u00a0 prezes(at)synchrotron.org.pl &nbsp; Zarz\u0105d PTPS Jacek Szade\u00a0 Wiceprezes Jacek.Szade(at)us.edu.pl Rados\u0142aw Przenios\u0142o Wiceprezes Radek(at)fuw.edu.pl Agnieszka Witkowska Sekretarz \u00a0sekretarz(at)synchrotron.org.pl Wojciech Kwiatek Skarbnik \u00a0skarbnik(at)synchrotron.org.pl Pawe\u0142 Piszora Wydawca biuletyn(at)synchrotron.org.pl Cz\u0142onkowie Zarz\u0105du: Krystyna Jab\u0142o\u0144ska \u00a0jablo(at)ifpan.edu.pl Zbigniew Kaszkur zbig(at)ichf.edu.pl Bogdan Kowalski \u00a0kowab(at)ifpan.edu.pl Wojciech Paszkowicz \u00a0paszk(at)ifpan.edu.pl Marek Stankiewicz \u00a0M.J.Stankiewicz(at)uj.edu.pl Komisja Rewizyjna Wojciech&hellip;<\/p>\n<p> <a class=\"more-link\" href=\"https:\/\/synchrotron.org.pl\/?page_id=15636\">Czytaj dalej<\/a><\/p>\n","protected":false},"author":1,"featured_media":0,"parent":0,"menu_order":0,"comment_status":"closed","ping_status":"closed","template":"","meta":{"footnotes":""},"_links":{"self":[{"href":"https:\/\/synchrotron.org.pl\/index.php?rest_route=\/wp\/v2\/pages\/15636"}],"collection":[{"href":"https:\/\/synchrotron.org.pl\/index.php?rest_route=\/wp\/v2\/pages"}],"about":[{"href":"https:\/\/synchrotron.org.pl\/index.php?rest_route=\/wp\/v2\/types\/page"}],"author":[{"embeddable":true,"href":"https:\/\/synchrotron.org.pl\/index.php?rest_route=\/wp\/v2\/users\/1"}],"replies":[{"embeddable":true,"href":"https:\/\/synchrotron.org.pl\/index.php?rest_route=%2Fwp%2Fv2%2Fcomments&post=15636"}],"version-history":[{"count":1,"href":"https:\/\/synchrotron.org.pl\/index.php?rest_route=\/wp\/v2\/pages\/15636\/revisions"}],"predecessor-version":[{"id":15637,"href":"https:\/\/synchrotron.org.pl\/index.php?rest_route=\/wp\/v2\/pages\/15636\/revisions\/15637"}],"wp:attachment":[{"href":"https:\/\/synchrotron.org.pl\/index.php?rest_route=%2Fwp%2Fv2%2Fmedia&parent=15636"}],"curies":[{"name":"wp","href":"https:\/\/api.w.org\/{rel}","templated":true}]}}