{"id":15660,"date":"2020-09-21T18:56:55","date_gmt":"2020-09-21T16:56:55","guid":{"rendered":"http:\/\/synchrotron.org.pl\/?page_id=15660"},"modified":"2020-10-16T23:46:06","modified_gmt":"2020-10-16T21:46:06","slug":"regulamin-pracy-komisji-rewizyjnej","status":"publish","type":"page","link":"https:\/\/synchrotron.org.pl\/?page_id=15660","title":{"rendered":"Regulamin Pracy Komisji Rewizyjnej"},"content":{"rendered":"\t\t<div data-elementor-type=\"wp-page\" data-elementor-id=\"15660\" class=\"elementor elementor-15660\" data-elementor-settings=\"[]\">\n\t\t\t\t\t\t<div class=\"elementor-inner\">\n\t\t\t\t\t\t\t<div class=\"elementor-section-wrap\">\n\t\t\t\t\t\t\t<section class=\"elementor-section elementor-top-section elementor-element elementor-element-04caed0 elementor-section-boxed elementor-section-height-default elementor-section-height-default\" data-id=\"04caed0\" data-element_type=\"section\">\n\t\t\t\t\t\t<div class=\"elementor-container elementor-column-gap-default\">\n\t\t\t\t\t\t\t<div class=\"elementor-row\">\n\t\t\t\t\t<div class=\"elementor-column elementor-col-100 elementor-top-column elementor-element elementor-element-82acd59\" data-id=\"82acd59\" data-element_type=\"column\">\n\t\t\t<div class=\"elementor-column-wrap elementor-element-populated\">\n\t\t\t\t\t\t\t<div class=\"elementor-widget-wrap\">\n\t\t\t\t\t\t<div class=\"elementor-element elementor-element-fc08e6d elementor-view-default elementor-widget elementor-widget-icon\" data-id=\"fc08e6d\" data-element_type=\"widget\" data-widget_type=\"icon.default\">\n\t\t\t\t<div class=\"elementor-widget-container\">\n\t\t\t\t\t<div class=\"elementor-icon-wrapper\">\n\t\t\t<a class=\"elementor-icon\" href=\"https:\/\/synchrotron.org.pl\/wp-content\/uploads\/2020\/09\/PTPS-Regulamin_Prac_Komisji_Rewizyjnej_9.09.2020.pdf\" target=\"_blank\">\n\t\t\t<i aria-hidden=\"true\" class=\"fas fa-file-pdf\"><\/i>\t\t\t<\/a>\n\t\t<\/div>\n\t\t\t\t<\/div>\n\t\t\t\t<\/div>\n\t\t\t\t<div class=\"elementor-element elementor-element-62971fc elementor-widget elementor-widget-text-editor\" data-id=\"62971fc\" data-element_type=\"widget\" data-widget_type=\"text-editor.default\">\n\t\t\t\t<div class=\"elementor-widget-container\">\n\t\t\t\t\t\t\t\t<div class=\"elementor-text-editor elementor-clearfix\">\n\t\t\t\t<p><strong>REGULAMIN PRACY<br \/>Komisji Rewizyjnej\u00a0 <\/strong><strong>Polskiego Towarzystwa Promieniowania Synchrotronowego<\/strong><\/p><p><strong>\u00a0<\/strong>(zatwierdzony przez Walne Zebranie PTPS w dniu 9. wrze\u015bnia 2020 r.)<\/p><p><strong>\u00a0<\/strong>Komisja Rewizyjna Polskiego Towarzystwa Promieniowania Synchrotronowego, zwana dalej Komisj\u0105, jest organem Polskiego Towarzystwa Promieniowania Synchrotronowego, zwanego dalej Towarzystwem.<\/p><p style=\"text-align: left;\">\u00a7 1.<\/p><ol><li>Komisja dzia\u0142a na podstawie Statutu Polskiego Towarzystwa Promieniowania Synchrotronowego, zwanego dalej Statutem, kt\u00f3ry okre\u015bla spos\u00f3b jej wyboru, kompetencje oraz zasady uzupe\u0142niania sk\u0142adu Komisji je\u015bli\u00a0 zajdzie taka potrzeba.<\/li><\/ol><p>\u00a7 2.<\/p><ol><li>Pierwsze posiedzenie Komisji zwo\u0142ywane jest przez najstarszego wybranego cz\u0142onka Komisji nie p\u00f3\u017aniej ni\u017c w ci\u0105gu miesi\u0105ca od dnia og\u0142oszenia wynik\u00f3w wybor\u00f3w.<\/li><li>Podczas pierwszego posiedzenia po wyborach Komisja w tajnym g\u0142osowaniu wybiera spo\u015br\u00f3d siebie Przewodnicz\u0105cego i Sekretarza Komisji.<\/li><li>Kandyduj\u0105 ci cz\u0142onkowie Komisji, kt\u00f3rzy wyra\u017c\u0105 na to zgod\u0119.<\/li><\/ol><p>\u00a7 3.<\/p><ol><li>Kolejne posiedzenia Komisji zwo\u0142uje i prowadzi jej Przewodnicz\u0105cy lub osoba przez niego upowa\u017cniona.<\/li><li>Posiedzenie Komisji musi by\u0107 te\u017c zwo\u0142ane na \u017c\u0105danie co najmniej dw\u00f3ch jej cz\u0142onk\u00f3w. <\/li><li>Zawiadomienie o posiedzeniu Komisji wraz z porz\u0105dkiem obrad i materia\u0142ami pomocniczymi uczestnicy posiedzenia winni otrzyma\u0107 najp\u00f3\u017aniej na osiem dni przed terminem posiedzenia. <\/li><li>Cz\u0142onkowie Komisji nie mog\u0105cy wzi\u0105\u0107 udzia\u0142u w posiedzeniu powinni zawiadomi\u0107 o tym Przewodnicz\u0105cego.<\/li><li>Posiedzenie Komisji mo\u017ce odbywa\u0107 si\u0119 w formie zdalnej przy wykorzystaniu \u015brodk\u00f3w komunikacji elektronicznej spe\u0142niaj\u0105cych kryteria okre\u015blone w Statucie.<\/li><\/ol><p>\u00a7 4.<\/p><ol><li>W posiedzeniach Komisji bior\u0105 udzia\u0142 z g\u0142osem stanowi\u0105cym jej cz\u0142onkowie. <\/li><li>W posiedzeniach Komisji mog\u0105 bra\u0107 udzia\u0142 zaproszeni przez prowadz\u0105cego posiedzenie cz\u0142onkowie Zarz\u0105du oraz inni cz\u0142onkowie PTPS. <\/li><li>Na posiedzeniach Komisji mog\u0105 by\u0107 obecne osoby spoza Towarzystwa, je\u017celi prowadz\u0105cy posiedzenie zaprosi je jako ekspert\u00f3w w sprawach, nad kt\u00f3rymi pracuje Komisja.<\/li><\/ol><p>\u00a7 5.<\/p><ol><li>Porz\u0105dek obrad ustala Przewodnicz\u0105cy Komisji lub osoba przez niego upowa\u017cniona. <\/li><li>Porz\u0105dek obrad mo\u017ce ulec zmianie na wniosek Przewodnicz\u0105cego lub cz\u0142onka Komisji, po przyj\u0119ciu zwyk\u0142\u0105 wi\u0119kszo\u015bci\u0105 g\u0142os\u00f3w.<\/li><\/ol><p>\u00a7 6.<\/p><ol><li>Komisja podejmuje uchwa\u0142y zwyk\u0142\u0105 wi\u0119kszo\u015bci\u0105 g\u0142os\u00f3w przy obecno\u015bci co najmniej po\u0142owy jej cz\u0142onk\u00f3w. Wniosek o przyj\u0119cie sprawozdania wymaga uchwalenia bezwzgl\u0119dn\u0105 wi\u0119kszo\u015bci\u0105 g\u0142os\u00f3w. <\/li><li>Cz\u0142onkowie Komisji g\u0142osuj\u0105 osobi\u015bcie.<\/li><li>Sprawy personalne oraz wnioski o przyj\u0119cie sprawozdania Zarz\u0105du wymagaj\u0105 g\u0142osowania tajnego. <\/li><li>Komisja mo\u017ce podj\u0105\u0107 uchwa\u0142\u0119 o g\u0142osowaniu tajnym w ka\u017cdej sprawie. <\/li><li>Podejmowanie uchwa\u0142 jak i tajne g\u0142osowania Komisja mo\u017ce przeprowadza\u0107 elektronicznie.<\/li><\/ol><p>\u00a7 7.<\/p><ol><li>Posiedzenia Komisji protoko\u0142uje Sekretarz, kt\u00f3ry ponadto prowadzi inn\u0105 dokumentacj\u0119 Komisji.<\/li><li>W przypadku nieobecno\u015bci Sekretarza protokolanta wyznacza prowadz\u0105cy posiedzenie.<\/li><li>Dyskutanci maj\u0105 prawo wnosi\u0107 o za\u0142\u0105czenie swego wyst\u0105pienia do protoko\u0142u <em>in extenso<\/em>.<\/li><li>Przyj\u0119ty przez Komisj\u0119 protok\u00f3\u0142 podpisuj\u0105 Przewodnicz\u0105cy i Sekretarz.<\/li><li>Protoko\u0142y wraz z za\u0142\u0105cznikami s\u0105 przechowywane w dokumentacji Towarzystwa.<\/li><\/ol><p>\u00a7 8.<\/p><ol><li>Regulamin wchodzi w \u017cycie w dniu zatwierdzenia go przez Walne Zebranie PTPS.<\/li><\/ol>\t\t\t\t\t<\/div>\n\t\t\t\t\t\t<\/div>\n\t\t\t\t<\/div>\n\t\t\t\t\t\t<\/div>\n\t\t\t\t\t<\/div>\n\t\t<\/div>\n\t\t\t\t\t\t\t\t<\/div>\n\t\t\t\t\t<\/div>\n\t\t<\/section>\n\t\t\t\t<section class=\"elementor-section elementor-top-section elementor-element elementor-element-6ab9431 elementor-section-boxed elementor-section-height-default elementor-section-height-default\" data-id=\"6ab9431\" data-element_type=\"section\">\n\t\t\t\t\t\t<div class=\"elementor-container elementor-column-gap-default\">\n\t\t\t\t\t\t\t<div class=\"elementor-row\">\n\t\t\t\t\t<div class=\"elementor-column elementor-col-100 elementor-top-column elementor-element elementor-element-fb5e19e\" data-id=\"fb5e19e\" data-element_type=\"column\">\n\t\t\t<div class=\"elementor-column-wrap\">\n\t\t\t\t\t\t\t<div class=\"elementor-widget-wrap\">\n\t\t\t\t\t\t\t\t<\/div>\n\t\t\t\t\t<\/div>\n\t\t<\/div>\n\t\t\t\t\t\t\t\t<\/div>\n\t\t\t\t\t<\/div>\n\t\t<\/section>\n\t\t\t\t\t\t<\/div>\n\t\t\t\t\t\t<\/div>\n\t\t\t\t\t<\/div>\n\t\t","protected":false},"excerpt":{"rendered":"<p>REGULAMIN PRACYKomisji Rewizyjnej\u00a0 Polskiego Towarzystwa Promieniowania Synchrotronowego \u00a0(zatwierdzony przez Walne Zebranie PTPS w dniu 9. wrze\u015bnia 2020 r.) \u00a0Komisja Rewizyjna Polskiego Towarzystwa Promieniowania Synchrotronowego, zwana dalej Komisj\u0105, jest organem Polskiego Towarzystwa Promieniowania Synchrotronowego, zwanego dalej Towarzystwem. \u00a7 1. Komisja dzia\u0142a na podstawie Statutu Polskiego Towarzystwa Promieniowania Synchrotronowego, zwanego dalej Statutem,&hellip;<\/p>\n<p> <a class=\"more-link\" href=\"https:\/\/synchrotron.org.pl\/?page_id=15660\">Czytaj dalej<\/a><\/p>\n","protected":false},"author":1,"featured_media":0,"parent":0,"menu_order":0,"comment_status":"closed","ping_status":"closed","template":"","meta":{"footnotes":""},"_links":{"self":[{"href":"https:\/\/synchrotron.org.pl\/index.php?rest_route=\/wp\/v2\/pages\/15660"}],"collection":[{"href":"https:\/\/synchrotron.org.pl\/index.php?rest_route=\/wp\/v2\/pages"}],"about":[{"href":"https:\/\/synchrotron.org.pl\/index.php?rest_route=\/wp\/v2\/types\/page"}],"author":[{"embeddable":true,"href":"https:\/\/synchrotron.org.pl\/index.php?rest_route=\/wp\/v2\/users\/1"}],"replies":[{"embeddable":true,"href":"https:\/\/synchrotron.org.pl\/index.php?rest_route=%2Fwp%2Fv2%2Fcomments&post=15660"}],"version-history":[{"count":6,"href":"https:\/\/synchrotron.org.pl\/index.php?rest_route=\/wp\/v2\/pages\/15660\/revisions"}],"predecessor-version":[{"id":15791,"href":"https:\/\/synchrotron.org.pl\/index.php?rest_route=\/wp\/v2\/pages\/15660\/revisions\/15791"}],"wp:attachment":[{"href":"https:\/\/synchrotron.org.pl\/index.php?rest_route=%2Fwp%2Fv2%2Fmedia&parent=15660"}],"curies":[{"name":"wp","href":"https:\/\/api.w.org\/{rel}","templated":true}]}}